actors of 1895667?
3, 631889
List the prime factors of 3768735.
3, 5, 43, 5843
List the prime factors of 2138821.
17, 125813
List the prime factors of 4264744.
2, 11, 48463
What are the prime factors of 1090049?
19, 103, 557
List the prime factors of 310154.
2, 13, 79, 151
List the prime factors of 13761769.
7, 1965967
What are the prime factors of 241408?
2, 23, 41
List the prime factors of 4149493.
4149493
What are the prime factors of 446760?
2, 3, 5, 17, 73
List the prime factors of 1119082.
2, 559541
List the prime factors of 3541707.
3, 13, 30271
List the prime factors of 236872.
2, 29, 1021
What are the prime factors of 2719255?
5, 7, 11, 1009
What are the prime factors of 4556753?
43, 105971
What are the prime factors of 3777684?
2, 3, 314807
What are the prime factors of 171074?
2, 23, 3719
List the prime factors of 2962915.
5, 43, 13781
What are the prime factors of 207044?
2, 191, 271
What are the prime factors of 88054?
2, 44027
List the prime factors of 1268598.
2, 3, 211433
List the prime factors of 84825.
3, 5, 13, 29
What are the prime factors of 15886800?
2, 3, 5, 1471
What are the prime factors of 279260?
2, 5, 13963
What are the prime factors of 215233?
31, 53, 131
List the prime factors of 2175778.
2, 11, 98899
List the prime factors of 1973330.
2, 5, 41, 4813
List the prime factors of 2693650.
2, 5, 17, 3169
List the prime factors of 659558.
2, 329779
List the prime factors of 1652517.
3, 31, 5923
List the prime factors of 1126655.
5, 23, 97, 101
What are the prime factors of 8894083?
11, 808553
What are the prime factors of 205001?
29, 7069
List the prime factors of 460723.
29, 15887
What are the prime factors of 8098932?
2, 3, 479, 1409
List the prime factors of 2861400.
2, 3, 5, 19, 251
What are the prime factors of 2812938?
2, 3, 379, 1237
List the prime factors of 2239423.
83, 26981
What are the prime factors of 514463?
19, 27077
List the prime factors of 2876831.
31, 92801
What are the prime factors of 126522?
2, 3, 11, 71
List the prime factors of 1848887.
677, 2731
List the prime factors of 1431619.
7, 204517
What are the prime factors of 1203874?
2, 7, 85991
List the prime factors of 20753794.
2, 1367, 7591
List the prime factors of 955446.
2, 3, 59, 2699
What are the prime factors of 501437?
73, 6869
What are the prime factors of 190511?
59, 3229
What are the prime factors of 82882?
2, 29, 1429
List the prime factors of 105249.
3, 35083
List the prime factors of 15961036.
2, 7, 13, 3373
What are the prime factors of 20050709?
7, 677, 4231
What are the prime factors of 196776?
2, 3, 911
List the prime factors of 268436.
2, 7, 9587
What are the prime factors of 14737773?
3, 4912591
List the prime factors of 14732553.
3, 11, 446441
List the prime factors of 225563.
13, 17351
List the prime factors of 879519.
3, 293173
List the prime factors of 607846.
2, 313, 971
What are the prime factors of 1254514?
2, 627257
List the prime factors of 344423.
344423
List the prime factors of 71293.
71293
List the prime factors of 6892357.
67, 102871
List the prime factors of 1127650.
2, 5, 19, 1187
List the prime factors of 16357746.
2, 3, 19, 143489
What are the prime factors of 8508022?
2, 23, 184957
What are the prime factors of 2167535?
5, 433507
What are the prime factors of 3448133?
13, 265241
List the prime factors of 118145.
5, 23629
What are the prime factors of 7649706?
2, 3, 983, 1297
What are the prime factors of 2628670?
2, 5, 11, 23, 1039
What are the prime factors of 491183?
7, 11, 6379
What are the prime factors of 820333?
820333
List the prime factors of 21739958.
2, 10869979
List the prime factors of 11966.
2, 31, 193
List the prime factors of 37333.
37, 1009
List the prime factors of 3533840.
2, 5, 163, 271
What are the prime factors of 378551?
378551
What are the prime factors of 5054049?
3, 7, 11, 13, 17
List the prime factors of 1157678.
2, 578839
What are the prime factors of 176848?
2, 7, 1579
List the prime factors of 5538840.
2, 3, 5, 101, 457
What are the prime factors of 2502946?
2, 19, 65867
List the prime factors of 281731.
107, 2633
List the prime factors of 844293.
3, 281431
List the prime factors of 8707657.
7, 1243951
What are the prime factors of 10751362?
2, 5375681
List the prime factors of 11553169.
11553169
List the prime factors of 7666795.
5, 41, 149, 251
List the prime factors of 294285.
3, 5, 23, 853
What are the prime factors of 145009?
145009
List the prime factors of 1718640.
2, 3, 5, 7, 11, 31
What are the prime factors of 6503211?
3, 11, 13, 31, 163
List the prime factors of 6151199.
73, 84263
List the prime factors of 51005.
5, 101
What are the prime factors of 10912143?
3, 11, 23, 1307
List the prime factors of 38840387.
157, 247391
List the prime factors of 11297654.
2, 37, 152671
What are the prime factors of 949689?
3, 13, 8117
What are the prime factors of 881250?
2, 3, 5, 47
What are the prime factors of 4814513?
11, 439, 997
List the prime factors of 1586939.
1586939
List the prime factors of 1429360.
2, 5, 17, 1051
List the prime factors of 10216507.
7, 17, 85853
List the prime factors of 560996.
2, 140249
What are the prime factors of 9711776?
2, 303493
What are the prime factors of 2624676?
2, 3, 218723
What are the prime factors of 229512?
2, 3, 73, 131
What are the prime factors of 3511858?
2, 7, 137, 1831
List the prime factors of 225998.
2, 17, 23
What are the prime factors of 312908?
2, 137, 571
What are the prime factors of 204105?
3, 5, 11, 1237
What are the prime factors of 34854?
2, 3, 37, 157
List the prime factors of 504768.
2, 3, 11, 239
What are the prime factors of 118224?
2, 3, 821
List the prime factors of 26176081.
41, 167, 3823
List the prime factors of 1413256.
2, 13, 107, 127
List the prime factors of 1424237.
1424237
List the prime factors of 370382.
2, 109, 1699
What are the prime factors of 513573?
3, 193, 887
List the prime factors of 290725.
5, 29, 401
What are the prime factors of 166542?
2, 3, 41, 677
What are the prime factors of 726924?
2, 3, 11, 5507
What are the prime factors of 523357?
523357
List the prime factors of 565578.
2, 3, 13, 2417
List the prime factors of 27325.
5, 1093
What are the prime factors of 57648?
2, 3, 1201
List the prime factors of 1980889.
139, 14251
What are the prime factors of 1252849?
13, 17, 5669
List the prime factors of 2570061.
3, 13, 65899
What are the prime factors of 2396932?
2, 17, 101, 349
List the prime factors of 114639.
3, 7, 53, 103
List the prime factors of 19416463.
11, 557, 3169
What are the prime factors of 1075346?
2, 537673
What are the prime factors of 7618421?
1103, 6907
List the prime factors of 10293475.
5, 411739
List the prime factors of 213862.
2, 11, 9721
List the prime factors of 4138134.
2, 3, 7, 11, 13, 53
List the prime factors of 3049466.
2, 7, 29, 37
What are the prime factors of 22460555?
5, 13, 345547
List the prime factors of 13213762.
2, 191, 34591
List the prime factors of 8634348.
2, 3, 239843
List the prime factors of 35670723.
3, 11, 23, 46997
List the prime factors of 1363293.
3, 151477
List the prime factors of 2922954.
2, 3, 269, 1811
List the prime factors of 762119.
283, 2693
List the prime factors of 894753.
3, 31, 1069
List the prime factors of 619235.
5, 271, 457
List the prime factors of 643900.
2, 5, 47, 137
What are the prime factors of 3375715?
5, 7, 43, 2243
What are the prime factors of 148116?
2, 3, 12343
List the prime factors of 749594.
2, 374797
List the prime factors of 13547477.
13547477
What are the prime factors of 939454?
2, 17, 27631
List the prime factors of 16503609.
3, 19, 139, 2083
What are the prime factors of 1552312?
2, 29, 6691
List the prime factors of 6064211.
19, 319169
What are the prime factors of 3546583?
3546583
List the prime factors of 22899050.
2, 5, 457981
List the prime factors of 228529.
7, 32647
What are the prime factors of 834847?
13, 149, 431
List the prime factors of 2634830.
2, 5, 11, 17, 1409
What are the prime factors of 7040131?
7, 31, 32443
What are the prime factors of 1107452?
2, 29, 9547
List the prime factors of 6573653.
23, 41, 6971
List the prime factors of 357551.
357551
What are the prime factors of 243904?
2, 37, 103
What are the prime factors of 102775?
5, 4111
List the prime factors of 2618101.
2618101
Wh